{"id":1664,"date":"2016-12-19T16:21:22","date_gmt":"2016-12-19T14:21:22","guid":{"rendered":"http:\/\/www.upc.edu\/cau\/blog\/?page_id=1664"},"modified":"2016-12-19T16:23:37","modified_gmt":"2016-12-19T14:23:37","slug":"infocau-desembre-2016","status":"publish","type":"page","link":"https:\/\/www.upc.edu\/cau\/blog\/?page_id=1664","title":{"rendered":"InfoCAU desembre 2016"},"content":{"rendered":"<p><strong><u>Vestuari i roba de treball<\/u><\/strong><\/p>\n<p>Guanyada la\u00a0<a href=\"http:\/\/www.upc.edu\/cau\/blog\/?attachment_id=1692\" target=\"_blank\">demanda judicial<\/a>\u00a0el passat 17 de juny, posada a trav\u00e9s del Comit\u00e8\u00a0a inst\u00e0ncia del CAU, la Gerent ens ha informat que far\u00e0 efectiu el pagament del vestuari i roba de treball en els termes previstos judicialment aquest mes de desembre, \u00a0fins aqu\u00ed la part positiva. Lamentablement la sent\u00e8ncia nom\u00e9s t\u00e9 car\u00e0cter retroactiu pels anys 2015 i 2016. La pol\u00edtica de &#8220;qui dia passa, any empeny&#8221; ha fet que la ger\u00e8ncia trigu\u00e9s massa temps a recon\u00e8ixer aquest dret que no est\u00e0 afectat per les retallades segons reconeix la sent\u00e8ncia. El CAU fa molts anys que reclamem la revisi\u00f3 de l\u2019acord de la roba ja que \u00e9s un acord obsolet i que deixa alguns col\u00b7lectius sense la roba de treball que marca el Conveni i per tant demanem a ger\u00e8ncia que a principis de l\u2019any vinent es comenci la negociaci\u00f3 d\u2019aquest tema amb el CEPASL.<\/p>\n<p>El PASL que va treballar l&#8217;any 2015 o en el 2016 i que ara est\u00e0 desvinculat per qualsevol motiu, t\u00e9 dret a aquest pagament i a dia d&#8217;avui desconeixem el mecanisme que hi haur\u00e0 per poder-ho cobrar.<\/p>\n<p><strong><u>El desastre de l&#8217;oferta formativa de l&#8217;UPC<\/u><\/strong><\/p>\n<p>De nou aquest 2016 un altre incompliment de l&#8217;acord signat per ger\u00e8ncia i recollit als art. 31.2, 31.3, etc. del Conveni, que contempla entre altres obligacions de la UPC:<\/p>\n<ul>\n<li>Inversi\u00f3 del 2% de la massa salarial del PAS-L en formaci\u00f3.<\/li>\n<li>Dietes si el PAS ha de despla\u00e7ar-se de poblaci\u00f3 per fer formaci\u00f3.<\/li>\n<li>Major participaci\u00f3 i control del CEPASL en la planificaci\u00f3 i elaboraci\u00f3 dels cursos.<\/li>\n<li>M\u00ednim d\u2019hores anuals de formaci\u00f3 d\u2019obligat compliment.<\/li>\n<\/ul>\n<p>L&#8217;SDP-UPC ofereix una oferta formativa 2017 molt insuficient, coberta exclusivament amb Fons de Formaci\u00f3 Cont\u00ednua (fons no UPC) molt similar i en la l\u00ednia de la dels darrers anys (poques places, formaci\u00f3 de poques hores, cursos poc interessants i no per tots els col\u00b7lectius, etc.). Cal recordar que aquests fons surten de la contribuci\u00f3 de les n\u00f2mines de les treballadores i treballadors.<\/p>\n<p>El pes espec\u00edfic i el gruix de la Formaci\u00f3 del PAS l&#8217;hem de rebre a trav\u00e9s de la inversi\u00f3 UPC del 2% de la massa salarial (25 vegades superior als Fons de Formaci\u00f3 Cont\u00ednua).<\/p>\n<p>Des del CAU creiem que \u00e9s indignant que la UPC menystingui la formaci\u00f3 del seu PAS i incompleixi acords signats. La\u00a0<a href=\"http:\/\/www.upc.edu\/cau\/blog\/wp-content\/uploads\/2016\/11\/Memoria_2008_Lab-i-Fun.pdf\" target=\"_blank\"><strong>Inversi\u00f3 en formaci\u00f3 del PAS UPC el 2008<\/strong><\/a><strong>\u00a0<\/strong>\u00a0va estar per sobre dels\u00a0<strong>1,26 Milions d\u2019\u20ac<\/strong>\u00a0(el 2% de la massa salarial d\u2019obligada inversi\u00f3!), mentre que la inversi\u00f3 el 2016 (i darrers anys) ha estat de 0\u20ac !!<\/p>\n<p>El CAU hem instat a totes les representants sindicals a no signar aquesta oferta tan &#8216;pobra&#8217; en formaci\u00f3 com a mesura de pressi\u00f3 perqu\u00e8 la UPC es posi les piles i faci la inversi\u00f3 acordada i l&#8217;oferta formativa adient pel PAS.<\/p>\n<p>Tot i que a finals del 2015 es va encetar negociaci\u00f3 entre CEPASL, JPASF i ger\u00e8ncia per establir una normativa de formaci\u00f3, que acompanyaria al Pla de Formaci\u00f3, aquesta negociaci\u00f3 es troba aturada un any despr\u00e9s (recordeu el que d\u00e8iem abans &#8220;qui dia passa, any empeny&#8221;) i aix\u00ed un altre any amb un desastre de formaci\u00f3 pel PAS per falta d&#8217;inversi\u00f3.<\/p>\n<p>\u00c9s per aix\u00f2 que ens neguem a ser c\u00f2mplices d\u2019aquest desastre d&#8217;oferta formativa, insuficient i escassa (molts cursos per nom\u00e9s 12 o 15 persones, i la gran majoria per sota de les 20 hores). Hem demanat al Comit\u00e8 que exigeixi l\u2019aplicaci\u00f3 immediata dels acords signats. En cas contrari, ens reservem l\u2019opci\u00f3, si s\u2019escau, de reclamar per vies m\u00e9s expeditives.<\/p>\n<p>Treballarem i exigirem una oferta formativa digna i un Pla de Formaci\u00f3 que reculli expl\u00edcitament tots els drets del PAS i deixi molt clar al pressupost UPC la partida d\u2019inversi\u00f3 (2% de la massa salarial) en formaci\u00f3 real del PAS, cosa que en els pressupostos 2015 i 2016 no existeix.<\/p>\n<p>Aviat podrem veure el pressupost UPC 2017, que s&#8217;acordar\u00e0 en el darrer Consell de Govern de l&#8217;any.\u00a0Si la ger\u00e8ncia no ens fa aviat una oferta correcta pel 2017, creiem que cal passar a mesures de pressi\u00f3 m\u00e9s efectives i contundents. No hem de reclamar el que \u00e9s un dret i ens pertany, l&#8217;exigim!<\/p>\n<p>Molt parlar de treball col\u00b7laboratiu per\u00f2 molt poca formaci\u00f3!<\/p>\n<p><strong><u>La jornada laboral de 35 h<\/u><\/strong><\/p>\n<p>Un altre cop bosses d&#8217;hores que ens han d&#8217;autoritzar, i calendaris laborals amb jornades di\u00e0ries de 7,5 h. \u00c9s inadmissible que el PAS tinguem l&#8217;obligaci\u00f3 de demanar autoritzaci\u00f3 per gaudir d&#8217;un temps (bosses d&#8217;hores) que \u00e9s nostre legalment i que el &#8216;decretazo&#8217; del 2012 ens va arrabassar il\u00b7leg\u00edtimament. Els treballadors p\u00fablics\u00a0<a href=\"http:\/\/ccaa.elpais.com\/ccaa\/2016\/10\/06\/andalucia\/1475769732_490674.html\" target=\"_blank\">andalusos<\/a>\u00a0i\u00a0<a href=\"http:\/\/www.eitb.eus\/es\/noticias\/economia\/detalle\/3805090\/el-gobierno-vasco-aprueba-jornada-laboral-35-horas-2016\/\" target=\"_blank\">bascos<\/a>\u00a0ja estan recuperant la jornada setmanal de 35h. que ens toca. Quant temps m\u00e9s hem d&#8217;esperar els catalans? Potser hem de fer una seriosa i urgent reflexi\u00f3 i comen\u00e7ar a recuperar drets que injustament ens van treure. Al CAU no volem pactar calendaris pels propers anys, com hem fet sempre, que contemplin jornades superiors a 35h\/setmanals.<\/p>\n<p>En el context social general, en temps d&#8217;elevat atur, i quan la tend\u00e8ncia laboral ens demana repartir el treball, no entenem que es mantinguin aquestes mesures.<\/p>\n","protected":false},"excerpt":{"rendered":"<p>Vestuari i roba de treball Guanyada la\u00a0demanda judicial\u00a0el passat 17 de juny, posada a trav\u00e9s del Comit\u00e8\u00a0a inst\u00e0ncia del CAU, la Gerent ens ha informat que far\u00e0 efectiu el pagament del vestuari i roba de treball en els termes previstos judicialment aquest mes de desembre, \u00a0fins aqu\u00ed la part positiva. Lamentablement la sent\u00e8ncia nom\u00e9s t\u00e9 [&hellip;]<\/p>\n","protected":false},"author":5,"featured_media":0,"parent":1296,"menu_order":4,"comment_status":"closed","ping_status":"closed","template":"","meta":{"_s2mail":""},"_links":{"self":[{"href":"https:\/\/www.upc.edu\/cau\/blog\/index.php?rest_route=\/wp\/v2\/pages\/1664"}],"collection":[{"href":"https:\/\/www.upc.edu\/cau\/blog\/index.php?rest_route=\/wp\/v2\/pages"}],"about":[{"href":"https:\/\/www.upc.edu\/cau\/blog\/index.php?rest_route=\/wp\/v2\/types\/page"}],"author":[{"embeddable":true,"href":"https:\/\/www.upc.edu\/cau\/blog\/index.php?rest_route=\/wp\/v2\/users\/5"}],"replies":[{"embeddable":true,"href":"https:\/\/www.upc.edu\/cau\/blog\/index.php?rest_route=%2Fwp%2Fv2%2Fcomments&post=1664"}],"version-history":[{"count":17,"href":"https:\/\/www.upc.edu\/cau\/blog\/index.php?rest_route=\/wp\/v2\/pages\/1664\/revisions"}],"predecessor-version":[{"id":1695,"href":"https:\/\/www.upc.edu\/cau\/blog\/index.php?rest_route=\/wp\/v2\/pages\/1664\/revisions\/1695"}],"up":[{"embeddable":true,"href":"https:\/\/www.upc.edu\/cau\/blog\/index.php?rest_route=\/wp\/v2\/pages\/1296"}],"wp:attachment":[{"href":"https:\/\/www.upc.edu\/cau\/blog\/index.php?rest_route=%2Fwp%2Fv2%2Fmedia&parent=1664"}],"curies":[{"name":"wp","href":"https:\/\/api.w.org\/{rel}","templated":true}]}}