{"id":1820,"date":"2017-05-31T15:16:31","date_gmt":"2017-05-31T13:16:31","guid":{"rendered":"http:\/\/www.upc.edu\/cau\/blog\/?page_id=1820"},"modified":"2017-05-31T17:22:24","modified_gmt":"2017-05-31T15:22:24","slug":"vestuari-accio-reaccio","status":"publish","type":"page","link":"https:\/\/www.upc.edu\/cau\/blog\/?page_id=1820","title":{"rendered":"Vestuari. ACCI\u00d3-REACCI\u00d3?"},"content":{"rendered":"<h6 style=\"text-align: right;\">31-Maig<\/h6>\n<p>El dimarts 30 de maig el CEPASL i la Gerent van arribar a un preacord sobre la roba de treball.<\/p>\n<p>Encara no tenim el document amb el redactat acordat i per aix\u00f2 no ho podem enviar, per\u00f2 a falta de llegir el redactat definitiu podem dir que, pel CAU, hem aconseguit els objectius que ens vam marcar:<\/p>\n<ul>\n<li>Actualitza l&#8217;acord anterior i tamb\u00e9 una metodologia que estaven obsoletes.<\/li>\n<li>Afecta a tot el PASL, encara que de manera diferent. L&#8217;acord del 93 nom\u00e9s afectava el 50% de la plantilla.<\/li>\n<li>Iguala els drets dels treballadors i treballadores amb els d\u2019altres universitats com la UB i la UAB.<\/li>\n<li>Acaba amb l&#8217;obligaci\u00f3 de portar uniformes i, per tant, amb els problemes que \u00a0donava aquesta roba al personal de consergeries.<\/li>\n<\/ul>\n<p>Properament, quan estigui el redactat final amb la seva signatura, us explicarem amb m\u00e9s detall els diferents aspectes que es recullen.<\/p>\n<p>El CEPASL a proposta del CAU far\u00e0 una assemblea informativa i una votaci\u00f3 electr\u00f2nica perqu\u00e8 el PASL pugui decidir la ratificaci\u00f3 de l&#8217;acord en mat\u00e8ria de roba de treball. Si el PASL ratifica l&#8217;acord, el cobrament per aquest any est\u00e0 previst per al mes de juliol.<\/p>\n<p><strong>Nota:<\/strong> La Gerent quasi va assegurar que a la n\u00f2mina del mes de juny pagar\u00e0 una altra part de la paga extra del 2012. Us recordem que aquesta part s\u2019hauria d\u2019haver cobrat ja, per\u00f2 fins i tot la Generalitat va incomplir l\u2019acord. Tenim const\u00e0ncia que a la UB ho han cobrat aquest mes de maig.<\/p>\n","protected":false},"excerpt":{"rendered":"<p>31-Maig El dimarts 30 de maig el CEPASL i la Gerent van arribar a un preacord sobre la roba de treball. Encara no tenim el document amb el redactat acordat i per aix\u00f2 no ho podem enviar, per\u00f2 a falta de llegir el redactat definitiu podem dir que, pel CAU, hem aconseguit els objectius que [&hellip;]<\/p>\n","protected":false},"author":5,"featured_media":0,"parent":969,"menu_order":8,"comment_status":"closed","ping_status":"closed","template":"","meta":{"_s2mail":""},"_links":{"self":[{"href":"https:\/\/www.upc.edu\/cau\/blog\/index.php?rest_route=\/wp\/v2\/pages\/1820"}],"collection":[{"href":"https:\/\/www.upc.edu\/cau\/blog\/index.php?rest_route=\/wp\/v2\/pages"}],"about":[{"href":"https:\/\/www.upc.edu\/cau\/blog\/index.php?rest_route=\/wp\/v2\/types\/page"}],"author":[{"embeddable":true,"href":"https:\/\/www.upc.edu\/cau\/blog\/index.php?rest_route=\/wp\/v2\/users\/5"}],"replies":[{"embeddable":true,"href":"https:\/\/www.upc.edu\/cau\/blog\/index.php?rest_route=%2Fwp%2Fv2%2Fcomments&post=1820"}],"version-history":[{"count":3,"href":"https:\/\/www.upc.edu\/cau\/blog\/index.php?rest_route=\/wp\/v2\/pages\/1820\/revisions"}],"predecessor-version":[{"id":1829,"href":"https:\/\/www.upc.edu\/cau\/blog\/index.php?rest_route=\/wp\/v2\/pages\/1820\/revisions\/1829"}],"up":[{"embeddable":true,"href":"https:\/\/www.upc.edu\/cau\/blog\/index.php?rest_route=\/wp\/v2\/pages\/969"}],"wp:attachment":[{"href":"https:\/\/www.upc.edu\/cau\/blog\/index.php?rest_route=%2Fwp%2Fv2%2Fmedia&parent=1820"}],"curies":[{"name":"wp","href":"https:\/\/api.w.org\/{rel}","templated":true}]}}

Vestuari. ACCIÓ-REACCIÓ?

<h6 style="text-align: right;">31-Maig</h6>
<p>El dimarts 30 de maig el CEPASL i la Gerent van arribar a un preacord sobre la roba de treball.</p>
<p>Encara no tenim el document amb el redactat acordat i per això no ho podem enviar, però a falta de llegir el redactat definitiu podem dir que, pel CAU, hem aconseguit els objectius que ens vam marcar:</p>
<ul>
<li>Actualitza l&#8217;acord anterior i també una metodologia que estaven obsoletes.</li>
<li>Afecta a tot el PASL, encara que de manera diferent. L&#8217;acord del 93 només afectava el 50% de la plantilla.</li>
<li>Iguala els drets dels treballadors i treballadores amb els d’altres universitats com la UB i la UAB.</li>
<li>Acaba amb l&#8217;obligació de portar uniformes i, per tant, amb els problemes que  donava aquesta roba al personal de consergeries.</li>
</ul>
<p>Properament, quan estigui el redactat final amb la seva signatura, us explicarem amb més detall els diferents aspectes que es recullen.</p>
<p>El CEPASL a proposta del CAU farà una assemblea informativa i una votació electrònica perquè el PASL pugui decidir la ratificació de l&#8217;acord en matèria de roba de treball. Si el PASL ratifica l&#8217;acord, el cobrament per aquest any està previst per al mes de juliol.</p>
<p><strong>Nota:</strong> La Gerent quasi va assegurar que a la nòmina del mes de juny pagarà una altra part de la paga extra del 2012. Us recordem que aquesta part s’hauria d’haver cobrat ja, però fins i tot la Generalitat va incomplir l’acord. Tenim constància que a la UB ho han cobrat aquest mes de maig.</p>

<p>31-Maig El dimarts 30 de maig el CEPASL i la Gerent van arribar a un preacord sobre la roba de treball. Encara no tenim el document amb el redactat acordat i per això no ho podem enviar, però a falta de llegir el redactat definitiu podem dir que, pel CAU, hem aconseguit els objectius que [&hellip;]</p>
